CRAN Package Check Results for Package mshap

Last updated on 2022-12-05 03:55:05 CET.

Flavor Version Tinstall Tcheck Ttotal Status Flags
r-devel-linux-x86_64-debian-clang 0.1.0 2.06 47.76 49.82 OK
r-devel-linux-x86_64-debian-gcc 0.1.0 1.62 35.65 37.27 OK
r-devel-linux-x86_64-fedora-clang 0.1.0 71.02 NOTE
r-devel-linux-x86_64-fedora-gcc 0.1.0 68.42 NOTE
r-devel-windows-x86_64 0.1.0 11.00 77.00 88.00 OK
r-patched-linux-x86_64 0.1.0 2.55 45.10 47.65 OK
r-release-linux-x86_64 0.1.0 2.75 44.03 46.78 OK
r-release-macos-arm64 0.1.0 27.00 NOTE
r-release-macos-x86_64 0.1.0 41.00 NOTE
r-release-windows-x86_64 0.1.0 20.00 99.00 119.00 OK
r-oldrel-macos-arm64 0.1.0 36.00 NOTE
r-oldrel-macos-x86_64 0.1.0 31.00 NOTE
r-oldrel-windows-ix86+x86_64 0.1.0 8.00 79.00 87.00 OK

Check Details

Version: 0.1.0
Check: dependencies in R code
Result: NOTE
    Namespace in Imports field not imported from: ‘tidyselect’
     All declared Imports should be used.
Flavors: r-devel-linux-x86_64-fedora-clang, r-devel-linux-x86_64-fedora-gcc, r-release-macos-arm64, r-release-macos-x86_64, r-oldrel-macos-arm64, r-oldrel-macos-x86_64