Last updated on 2023-01-29 03:55:20 CET.
Flavor | Version | Tinstall | Tcheck | Ttotal | Status | Flags |
---|---|---|---|---|---|---|
r-devel-linux-x86_64-debian-clang | 7.5.1 | 33.26 | 297.79 | 331.05 | OK | |
r-devel-linux-x86_64-debian-gcc | 7.5.1 | 29.40 | 221.37 | 250.77 | OK | |
r-devel-linux-x86_64-fedora-clang | 7.5.1 | 445.57 | NOTE | |||
r-devel-linux-x86_64-fedora-gcc | 7.5.1 | 415.44 | OK | |||
r-patched-linux-x86_64 | 7.5.1 | 30.25 | 278.43 | 308.68 | OK | |
r-release-linux-x86_64 | 7.5.1 | 32.68 | 270.83 | 303.51 | OK | |
r-release-macos-arm64 | 7.5.1 | 164.00 | NOTE | |||
r-release-macos-x86_64 | 7.5.1 | 295.00 | NOTE | |||
r-release-windows-x86_64 | 7.5.1 | 35.00 | 390.00 | 425.00 | NOTE | |
r-oldrel-macos-arm64 | 7.5.1 | 140.00 | NOTE | |||
r-oldrel-macos-x86_64 | 7.5.1 | 182.00 | NOTE | |||
r-oldrel-windows-ix86+x86_64 | 7.5.1 | 55.00 | 365.00 | 420.00 | NOTE |
Version: 7.5.1
Check: installed package size
Result: NOTE
installed size is 6.0Mb
sub-directories of 1Mb or more:
R 5.9Mb
Flavors: r-devel-linux-x86_64-fedora-clang, r-release-macos-arm64, r-release-macos-x86_64, r-release-windows-x86_64, r-oldrel-macos-arm64, r-oldrel-macos-x86_64, r-oldrel-windows-ix86+x86_64