CRAN Package Check Results for Package mstrio

Last updated on 2022-12-05 03:55:05 CET.

Flavor Version Tinstall Tcheck Ttotal Status Flags
r-devel-linux-x86_64-debian-clang 11.3.5.101 13.24 58.74 71.98 OK
r-devel-linux-x86_64-debian-gcc 11.3.5.101 10.53 43.69 54.22 OK
r-devel-linux-x86_64-fedora-clang 11.3.5.101 101.64 NOTE
r-devel-linux-x86_64-fedora-gcc 11.3.5.101 95.25 NOTE
r-devel-windows-x86_64 11.3.5.101 48.00 87.00 135.00 OK
r-patched-linux-x86_64 11.3.5.101 11.13 52.79 63.92 OK
r-release-linux-x86_64 11.3.5.101 16.06 53.90 69.96 OK
r-release-macos-arm64 11.3.5.101 28.00 NOTE
r-release-macos-x86_64 11.3.5.101 42.00 NOTE
r-release-windows-x86_64 11.3.5.101 38.00 90.00 128.00 OK
r-oldrel-macos-arm64 11.3.5.101 27.00 NOTE
r-oldrel-macos-x86_64 11.3.5.101 40.00 NOTE
r-oldrel-windows-ix86+x86_64 11.3.5.101 27.00 81.00 108.00 OK

Check Details

Version: 11.3.5.101
Check: dependencies in R code
Result: NOTE
    Namespaces in Imports field not imported from:
     ‘markdown’ ‘methods’ ‘vctrs’
     All declared Imports should be used.
Flavors: r-devel-linux-x86_64-fedora-clang, r-devel-linux-x86_64-fedora-gcc, r-release-macos-arm64, r-release-macos-x86_64, r-oldrel-macos-arm64, r-oldrel-macos-x86_64