CRAN Package Check Results for Package muHVT

Last updated on 2022-08-09 04:52:25 CEST.

Flavor Version Tinstall Tcheck Ttotal Status Flags
r-devel-linux-x86_64-debian-clang 2.0.0 9.94 105.92 115.86 OK
r-devel-linux-x86_64-debian-gcc 2.0.0 7.83 76.90 84.73 OK
r-devel-linux-x86_64-fedora-clang 2.0.0 152.78 NOTE
r-devel-linux-x86_64-fedora-gcc 2.0.0 147.09 NOTE
r-devel-windows-x86_64 2.0.0 27.00 130.00 157.00 OK
r-patched-linux-x86_64 2.0.0 10.17 98.80 108.97 OK
r-release-linux-x86_64 2.0.0 OK
r-release-macos-arm64 2.0.0 39.00 NOTE
r-release-macos-x86_64 2.0.0 61.00 NOTE
r-release-windows-x86_64 2.0.0 16.00 131.00 147.00 OK
r-oldrel-macos-arm64 2.0.0 40.00 NOTE
r-oldrel-macos-x86_64 2.0.0 57.00 NOTE
r-oldrel-windows-ix86+x86_64 2.0.0 23.00 128.00 151.00 OK

Check Details

Version: 2.0.0
Check: dependencies in R code
Result: NOTE
    Namespaces in Imports field not imported from:
     ‘gtools’ ‘patchwork’ ‘plyr’ ‘tidyverse’
     All declared Imports should be used.
Flavors: r-devel-linux-x86_64-fedora-clang, r-devel-linux-x86_64-fedora-gcc, r-release-macos-arm64, r-release-macos-x86_64, r-oldrel-macos-arm64, r-oldrel-macos-x86_64