Last updated on 2023-12-02 03:57:47 CET.
Flavor | Version | Tinstall | Tcheck | Ttotal | Status | Flags |
---|---|---|---|---|---|---|
r-devel-linux-x86_64-debian-clang | 1.1-11 | 5.07 | 93.61 | 98.68 | OK | |
r-devel-linux-x86_64-debian-gcc | 1.1-11 | 4.55 | 72.18 | 76.73 | OK | |
r-devel-linux-x86_64-fedora-clang | 1.1-11 | 128.03 | OK | |||
r-devel-linux-x86_64-fedora-gcc | 1.1-11 | 131.62 | OK | |||
r-devel-windows-x86_64 | 1.1-11 | 5.00 | 137.00 | 142.00 | OK | |
r-patched-linux-x86_64 | 1.1-11 | 6.24 | 92.09 | 98.33 | OK | |
r-release-linux-x86_64 | 1.1-11 | 5.99 | 91.11 | 97.10 | OK | |
r-release-macos-arm64 | 1.1-11 | 74.00 | NOTE | |||
r-release-macos-x86_64 | 1.1-11 | 197.00 | OK | |||
r-release-windows-x86_64 | 1.1-11 | 9.00 | 137.00 | 146.00 | OK | |
r-oldrel-macos-arm64 | 1.1-11 | 64.00 | NOTE | |||
r-oldrel-macos-x86_64 | 1.1-11 | 79.00 | OK | |||
r-oldrel-windows-x86_64 | 1.1-11 | 12.00 | 142.00 | 154.00 | OK |
Version: 1.1-11
Check: re-building of vignette outputs
Result: NOTE
Error(s) in re-building vignettes:
--- re-building ‘cias.Rnw’ using Sweave
Attaching package: ‘multivator’
The following objects are masked from ‘package:base’:
levels, rbind
--- finished re-building ‘cias.Rnw’
--- re-building ‘multivator.Rnw’ using Sweave
Attaching package: 'multivator'
The following objects are masked from 'package:base':
levels, rbind
Error: processing vignette 'multivator.Rnw' failed with diagnostics:
Running 'texi2dvi' on 'multivator.tex' failed.
LaTeX errors:
!pdfTeX error: pdflatex (file bbm10): Font bbm10 at 657 not found
==> Fatal error occurred, no output PDF file produced!
--- failed re-building 'multivator.Rnw'
SUMMARY: processing the following file failed:
‘multivator.Rnw’
Error: Vignette re-building failed.
Execution halted
Flavor: r-release-macos-arm64
Version: 1.1-11
Check: re-building of vignette outputs
Result: NOTE
Error(s) in re-building vignettes:
...
--- re-building ‘cias.Rnw’ using Sweave
Attaching package: ‘multivator’
The following objects are masked from ‘package:base’:
levels, rbind
--- finished re-building ‘cias.Rnw’
--- re-building ‘multivator.Rnw’ using Sweave
Error: processing vignette 'multivator.Rnw' failed with diagnostics:
Running 'texi2dvi' on 'multivator.tex' failed.
LaTeX errors:
!pdfTeX error: pdflatex (file bbm10): Font bbm10 at 657 not found
==> Fatal error occurred, no output PDF file produced!
--- failed re-building 'multivator.Rnw'
SUMMARY: processing the following file failed:
'multivator.Rnw'
Error: Vignette re-building failed.
Execution halted
Flavor: r-oldrel-macos-arm64