CRAN Package Check Results for Package munsellinterpol

Last updated on 2024-02-22 04:04:57 CET.

Flavor Version Tinstall Tcheck Ttotal Status Flags
r-devel-linux-x86_64-debian-clang 3.0-0 NOTE
r-devel-linux-x86_64-debian-gcc 3.0-0 5.41 210.64 216.05 NOTE
r-devel-linux-x86_64-fedora-clang 3.0-0 352.91 OK
r-devel-linux-x86_64-fedora-gcc 3.0-0 380.02 OK
r-devel-windows-x86_64 3.0-0 7.00 218.00 225.00 OK
r-patched-linux-x86_64 3.0-0 8.48 289.22 297.70 OK
r-release-linux-x86_64 3.0-0 6.35 285.39 291.74 OK
r-release-macos-arm64 3.0-0 96.00 OK
r-release-macos-x86_64 3.0-0 158.00 OK
r-release-windows-x86_64 3.0-0 9.00 282.00 291.00 OK
r-oldrel-macos-arm64 3.0-0 88.00 OK
r-oldrel-windows-x86_64 3.0-0 10.00 280.00 290.00 OK

Check Details

Version: 3.0-0
Check: Rd files
Result: NOTE checkRd: (-1) plotLociHC.Rd:55: Lost braces; missing escapes or markup? 55 | If \code{value} is one of {0.2,0.4,0.6,0.8,1,2,3,4,5,6,7,8,9,10} | ^ Flavors: r-devel-linux-x86_64-debian-clang, r-devel-linux-x86_64-debian-gcc