CRAN Package Check Results for Package mvabund

Last updated on 2022-09-28 04:51:06 CEST.

Flavor Version Tinstall Tcheck Ttotal Status Flags
r-devel-linux-x86_64-debian-clang 4.2.1 98.15 186.24 284.39 OK
r-devel-linux-x86_64-debian-gcc 4.2.1 75.44 135.72 211.16 OK
r-devel-linux-x86_64-fedora-clang 4.2.1 399.74 OK
r-devel-linux-x86_64-fedora-gcc 4.2.1 379.97 OK
r-devel-windows-x86_64 4.2.1 107.00 233.00 340.00 OK
r-patched-linux-x86_64 4.2.1 78.37 178.49 256.86 OK
r-release-linux-x86_64 4.2.1 79.93 178.75 258.68 OK
r-release-macos-arm64 4.2.1 87.00 NOTE
r-release-macos-x86_64 4.2.1 113.00 NOTE
r-release-windows-x86_64 4.2.1 115.00 235.00 350.00 OK
r-oldrel-macos-arm64 4.2.1 71.00 NOTE
r-oldrel-macos-x86_64 4.2.1 119.00 NOTE
r-oldrel-windows-ix86+x86_64 4.2.1 225.00 321.00 546.00 OK

Check Details

Version: 4.2.1
Check: installed package size
Result: NOTE
     installed size is 6.6Mb
     sub-directories of 1Mb or more:
     libs 5.4Mb
Flavors: r-release-macos-arm64, r-release-macos-x86_64, r-oldrel-macos-arm64, r-oldrel-macos-x86_64