CRAN Package Check Results for Package mwcsr

Last updated on 2022-12-09 04:00:51 CET.

Flavor Version Tinstall Tcheck Ttotal Status Flags
r-devel-linux-x86_64-debian-clang 0.1.6 139.69 94.35 234.04 OK
r-devel-linux-x86_64-debian-gcc 0.1.6 102.94 77.03 179.97 OK
r-devel-linux-x86_64-fedora-clang 0.1.6 335.91 NOTE
r-devel-linux-x86_64-fedora-gcc 0.1.6 292.10 NOTE
r-devel-windows-x86_64 0.1.6 130.00 163.00 293.00 OK
r-patched-linux-x86_64 0.1.6 102.31 92.55 194.86 OK
r-release-linux-x86_64 0.1.6 108.67 90.37 199.04 OK
r-release-macos-arm64 0.1.6 107.00 NOTE
r-release-macos-x86_64 0.1.6 140.00 NOTE
r-release-windows-x86_64 0.1.6 137.00 159.00 296.00 OK
r-oldrel-macos-arm64 0.1.6 87.00 NOTE
r-oldrel-macos-x86_64 0.1.6 136.00 NOTE
r-oldrel-windows-ix86+x86_64 0.1.6 321.00 226.00 547.00 NOTE

Check Details

Version: 0.1.6
Check: package dependencies
Result: NOTE
    Packages suggested but not available for checking: 'BioNet', 'DLBCL'
Flavors: r-devel-linux-x86_64-fedora-clang, r-devel-linux-x86_64-fedora-gcc

Version: 0.1.6
Check: installed package size
Result: NOTE
     installed size is 9.8Mb
     sub-directories of 1Mb or more:
     java 2.5Mb
     libs 6.8Mb
Flavors: r-release-macos-arm64, r-release-macos-x86_64, r-oldrel-macos-arm64, r-oldrel-macos-x86_64, r-oldrel-windows-ix86+x86_64