CRAN Package Check Results for Package mxnorm

Last updated on 2022-11-29 03:56:17 CET.

Flavor Version Tinstall Tcheck Ttotal Status Flags
r-devel-linux-x86_64-debian-clang 1.0.2 15.33 202.97 218.30 OK
r-devel-linux-x86_64-debian-gcc 1.0.2 11.01 150.46 161.47 OK
r-devel-linux-x86_64-fedora-clang 1.0.2 273.38 NOTE
r-devel-linux-x86_64-fedora-gcc 1.0.2 264.29 NOTE
r-devel-windows-x86_64 1.0.2 32.00 233.00 265.00 OK
r-patched-linux-x86_64 1.0.2 13.92 187.34 201.26 OK
r-release-linux-x86_64 1.0.2 11.78 190.16 201.94 OK
r-release-macos-arm64 1.0.2 81.00 NOTE
r-release-macos-x86_64 1.0.2 106.00 NOTE
r-release-windows-x86_64 1.0.2 42.00 236.00 278.00 OK
r-oldrel-macos-arm64 1.0.2 74.00 NOTE
r-oldrel-macos-x86_64 1.0.2 103.00 NOTE
r-oldrel-windows-ix86+x86_64 1.0.2 33.00 247.00 280.00 OK

Check Details

Version: 1.0.2
Check: dependencies in R code
Result: NOTE
    Namespaces in Imports field not imported from:
     ‘e1071’ ‘glue’
     All declared Imports should be used.
Flavors: r-devel-linux-x86_64-fedora-clang, r-devel-linux-x86_64-fedora-gcc, r-release-macos-arm64, r-release-macos-x86_64, r-oldrel-macos-arm64, r-oldrel-macos-x86_64