Last updated on 2023-12-02 03:57:47 CET.
Flavor | Version | Tinstall | Tcheck | Ttotal | Status | Flags |
---|---|---|---|---|---|---|
r-devel-linux-x86_64-debian-clang | 1.0.3 | 15.29 | 197.97 | 213.26 | OK | |
r-devel-linux-x86_64-debian-gcc | 1.0.3 | 12.75 | 145.34 | 158.09 | OK | |
r-devel-linux-x86_64-fedora-clang | 1.0.3 | 289.17 | NOTE | |||
r-devel-linux-x86_64-fedora-gcc | 1.0.3 | 293.36 | NOTE | |||
r-devel-windows-x86_64 | 1.0.3 | 14.00 | 207.00 | 221.00 | OK | |
r-patched-linux-x86_64 | 1.0.3 | 10.36 | 184.87 | 195.23 | OK | |
r-release-linux-x86_64 | 1.0.3 | 10.02 | 185.21 | 195.23 | OK | |
r-release-macos-arm64 | 1.0.3 | 95.00 | OK | |||
r-release-macos-x86_64 | 1.0.3 | 216.00 | OK | |||
r-release-windows-x86_64 | 1.0.3 | 18.00 | 220.00 | 238.00 | OK | |
r-oldrel-macos-arm64 | 1.0.3 | 78.00 | OK | |||
r-oldrel-macos-x86_64 | 1.0.3 | 110.00 | OK | |||
r-oldrel-windows-x86_64 | 1.0.3 | 17.00 | 223.00 | 240.00 | OK |
Version: 1.0.3
Check: dependencies in R code
Result: NOTE
Namespaces in Imports field not imported from:
‘e1071’ ‘glue’
All declared Imports should be used.
Flavors: r-devel-linux-x86_64-fedora-clang, r-devel-linux-x86_64-fedora-gcc