CRAN Package Check Results for Package nabor

Last updated on 2022-09-30 04:59:15 CEST.

Flavor Version Tinstall Tcheck Ttotal Status Flags
r-devel-linux-x86_64-debian-clang 0.5.0 69.22 37.27 106.49 OK
r-devel-linux-x86_64-debian-gcc 0.5.0 53.70 29.15 82.85 OK
r-devel-linux-x86_64-fedora-clang 0.5.0 154.74 OK
r-devel-linux-x86_64-fedora-gcc 0.5.0 146.95 OK
r-devel-windows-x86_64 0.5.0 53.00 88.00 141.00 OK
r-patched-linux-x86_64 0.5.0 50.04 37.71 87.75 OK
r-release-linux-x86_64 0.5.0 57.65 37.71 95.36 OK
r-release-macos-arm64 0.5.0 41.00 NOTE
r-release-macos-x86_64 0.5.0 76.00 NOTE
r-release-windows-x86_64 0.5.0 113.00 88.00 201.00 OK
r-oldrel-macos-arm64 0.5.0 50.00 NOTE
r-oldrel-macos-x86_64 0.5.0 77.00 NOTE
r-oldrel-windows-ix86+x86_64 0.5.0 155.00 93.00 248.00 OK

Check Details

Version: 0.5.0
Check: installed package size
Result: NOTE
     installed size is 8.9Mb
     sub-directories of 1Mb or more:
     libs 8.8Mb
Flavors: r-release-macos-arm64, r-release-macos-x86_64, r-oldrel-macos-arm64, r-oldrel-macos-x86_64