CRAN Package Check Results for Package nadiv

Last updated on 2022-09-25 04:53:02 CEST.

Flavor Version Tinstall Tcheck Ttotal Status Flags
r-devel-linux-x86_64-debian-clang 2.17.1 26.29 90.94 117.23 NOTE
r-devel-linux-x86_64-debian-gcc 2.17.1 21.82 68.88 90.70 NOTE
r-devel-linux-x86_64-fedora-clang 2.17.1 174.73 NOTE
r-devel-linux-x86_64-fedora-gcc 2.17.1 159.70 NOTE
r-devel-windows-x86_64 2.17.1 41.00 149.00 190.00 NOTE
r-patched-linux-x86_64 2.17.1 24.05 87.07 111.12 NOTE
r-release-linux-x86_64 2.17.1 21.24 85.38 106.62 NOTE
r-release-macos-arm64 2.17.1 44.00 NOTE
r-release-macos-x86_64 2.17.1 60.00 NOTE
r-release-windows-x86_64 2.17.1 47.00 135.00 182.00 NOTE
r-oldrel-macos-arm64 2.17.1 51.00 NOTE
r-oldrel-macos-x86_64 2.17.1 87.00 NOTE
r-oldrel-windows-ix86+x86_64 2.17.1 67.00 154.00 221.00 NOTE

Check Details

Version: 2.17.1
Check: package dependencies
Result: NOTE
    Package which this enhances but not available for checking: 'asreml'
Flavors: r-devel-linux-x86_64-debian-clang, r-devel-linux-x86_64-debian-gcc, r-devel-linux-x86_64-fedora-clang, r-devel-linux-x86_64-fedora-gcc, r-devel-windows-x86_64, r-patched-linux-x86_64, r-release-linux-x86_64, r-release-macos-arm64, r-release-macos-x86_64, r-release-windows-x86_64, r-oldrel-macos-arm64, r-oldrel-macos-x86_64, r-oldrel-windows-ix86+x86_64

Version: 2.17.1
Check: package subdirectories
Result: NOTE
    Problems with news in 'NEWS.md':
     Cannot extract version info from the following section titles:
     PREVIOUS (Incomplete below)
Flavors: r-devel-linux-x86_64-debian-clang, r-devel-linux-x86_64-debian-gcc, r-devel-linux-x86_64-fedora-clang, r-devel-linux-x86_64-fedora-gcc, r-devel-windows-x86_64