Last updated on 2023-03-27 04:53:18 CEST.
Flavor | Version | Tinstall | Tcheck | Ttotal | Status | Flags |
---|---|---|---|---|---|---|
r-devel-linux-x86_64-debian-clang | 2.0.0 | 18.29 | 264.23 | 282.52 | NOTE | |
r-devel-linux-x86_64-debian-gcc | 2.0.0 | 14.59 | 190.82 | 205.41 | NOTE | |
r-devel-linux-x86_64-fedora-clang | 2.0.0 | 366.02 | NOTE | |||
r-devel-linux-x86_64-fedora-gcc | 2.0.0 | 333.86 | NOTE | |||
r-patched-linux-x86_64 | 2.0.0 | 17.55 | 246.92 | 264.47 | NOTE | |
r-release-linux-x86_64 | 2.0.0 | 12.86 | 230.42 | 243.28 | NOTE | |
r-release-macos-arm64 | 2.0.0 | 69.00 | NOTE | |||
r-release-macos-x86_64 | 2.0.0 | 145.00 | NOTE | |||
r-release-windows-x86_64 | 2.0.0 | 38.00 | 272.00 | 310.00 | NOTE | |
r-oldrel-macos-arm64 | 2.0.0 | 79.00 | NOTE | |||
r-oldrel-macos-x86_64 | 2.0.0 | 101.00 | NOTE | |||
r-oldrel-windows-ix86+x86_64 | 2.0.0 | 38.00 | 255.00 | 293.00 | NOTE |
Version: 2.0.0
Check: package dependencies
Result: NOTE
Package suggested but not available for checking: ‘gurobi’
Flavors: r-devel-linux-x86_64-debian-clang, r-devel-linux-x86_64-debian-gcc, r-devel-linux-x86_64-fedora-clang, r-devel-linux-x86_64-fedora-gcc, r-patched-linux-x86_64, r-release-linux-x86_64, r-release-macos-arm64, r-release-macos-x86_64, r-release-windows-x86_64, r-oldrel-macos-arm64, r-oldrel-macos-x86_64, r-oldrel-windows-ix86+x86_64