CRAN Package Check Results for Package nc

Last updated on 2022-09-28 04:51:06 CEST.

Flavor Version Tinstall Tcheck Ttotal Status Flags
r-devel-linux-x86_64-debian-clang 2020.8.6 3.47 77.39 80.86 NOTE
r-devel-linux-x86_64-debian-gcc 2020.8.6 2.07 51.22 53.29 NOTE
r-devel-linux-x86_64-fedora-clang 2020.8.6 102.91 NOTE
r-devel-linux-x86_64-fedora-gcc 2020.8.6 97.73 NOTE
r-devel-windows-x86_64 2020.8.6 21.00 128.00 149.00 NOTE
r-patched-linux-x86_64 2020.8.6 3.88 65.21 69.09 NOTE
r-release-linux-x86_64 2020.8.6 3.07 64.99 68.06 NOTE
r-release-macos-arm64 2020.8.6 28.00 NOTE
r-release-macos-x86_64 2020.8.6 43.00 NOTE
r-release-windows-x86_64 2020.8.6 23.00 190.00 213.00 NOTE
r-oldrel-macos-arm64 2020.8.6 44.00 NOTE
r-oldrel-macos-x86_64 2020.8.6 61.00 NOTE
r-oldrel-windows-ix86+x86_64 2020.8.6 7.00 102.00 109.00 OK

Check Details

Version: 2020.8.6
Check: package dependencies
Result: NOTE
    Package suggested but not available for checking: 're2r'
Flavors: r-devel-linux-x86_64-debian-clang, r-devel-linux-x86_64-debian-gcc, r-devel-linux-x86_64-fedora-clang, r-devel-linux-x86_64-fedora-gcc, r-devel-windows-x86_64, r-patched-linux-x86_64, r-release-linux-x86_64, r-release-macos-arm64, r-release-macos-x86_64, r-release-windows-x86_64, r-oldrel-macos-arm64, r-oldrel-macos-x86_64