CRAN Package Check Results for Package neatmaps

Last updated on 2022-11-27 03:57:54 CET.

Flavor Version Tinstall Tcheck Ttotal Status Flags
r-devel-linux-x86_64-debian-clang 2.1.0 10.09 100.57 110.66 OK
r-devel-linux-x86_64-debian-gcc 2.1.0 8.13 73.76 81.89 OK
r-devel-linux-x86_64-fedora-clang 2.1.0 144.51 NOTE
r-devel-linux-x86_64-fedora-gcc 2.1.0 136.86 OK
r-devel-windows-x86_64 2.1.0 26.00 128.00 154.00 NOTE
r-patched-linux-x86_64 2.1.0 9.95 94.28 104.23 OK
r-release-linux-x86_64 2.1.0 6.59 94.31 100.90 OK
r-release-macos-arm64 2.1.0 41.00 NOTE
r-release-macos-x86_64 2.1.0 66.00 NOTE
r-release-windows-x86_64 2.1.0 23.00 131.00 154.00 NOTE
r-oldrel-macos-arm64 2.1.0 59.00 NOTE
r-oldrel-macos-x86_64 2.1.0 52.00 NOTE
r-oldrel-windows-ix86+x86_64 2.1.0 24.00 122.00 146.00 NOTE

Check Details

Version: 2.1.0
Check: installed package size
Result: NOTE
     installed size is 6.3Mb
Flavors: r-devel-linux-x86_64-fedora-clang, r-devel-windows-x86_64, r-release-macos-arm64, r-release-macos-x86_64, r-release-windows-x86_64, r-oldrel-macos-arm64, r-oldrel-macos-x86_64, r-oldrel-windows-ix86+x86_64