CRAN Package Check Results for Package netShiny

Last updated on 2024-02-24 03:52:41 CET.

Flavor Version Tinstall Tcheck Ttotal Status Flags
r-devel-linux-x86_64-debian-clang 1.0 11.94 61.85 73.79 OK
r-devel-linux-x86_64-debian-gcc 1.0 8.42 47.34 55.76 OK
r-devel-linux-x86_64-fedora-clang 1.0 90.16 OK
r-devel-linux-x86_64-fedora-gcc 1.0 99.72 OK
r-devel-windows-x86_64 1.0 10.00 64.00 74.00 OK
r-patched-linux-x86_64 1.0 7.99 60.25 68.24 OK
r-release-linux-x86_64 1.0 6.63 61.11 67.74 OK
r-release-macos-arm64 1.0 39.00 OK
r-release-macos-x86_64 1.0 57.00 OK
r-release-windows-x86_64 1.0 13.00 74.00 87.00 OK
r-oldrel-macos-arm64 1.0 9.00 ERROR
r-oldrel-windows-x86_64 1.0 14.00 83.00 97.00 OK

Check Details

Version: 1.0
Check: package dependencies
Result: ERROR Packages required and available but unsuitable versions: 'stats', 'utils' See section ‘The DESCRIPTION file’ in the ‘Writing R Extensions’ manual. Flavor: r-oldrel-macos-arm64