Last updated on 2023-02-03 03:55:58 CET.
Flavor | Version | Tinstall | Tcheck | Ttotal | Status | Flags |
---|---|---|---|---|---|---|
r-devel-linux-x86_64-debian-clang | 1.0 | 9.86 | 61.25 | 71.11 | OK | |
r-devel-linux-x86_64-debian-gcc | 1.0 | 7.81 | 47.40 | 55.21 | OK | |
r-devel-linux-x86_64-fedora-clang | 1.0 | 91.03 | OK | |||
r-devel-linux-x86_64-fedora-gcc | 1.0 | 102.57 | OK | |||
r-devel-windows-x86_64 | 1.0 | 17.00 | 95.00 | 112.00 | OK | |
r-patched-linux-x86_64 | 1.0 | 8.91 | 60.82 | 69.73 | OK | |
r-release-linux-x86_64 | 1.0 | 6.97 | 60.73 | 67.70 | OK | |
r-release-macos-arm64 | 1.0 | 6.00 | ERROR | |||
r-release-macos-x86_64 | 1.0 | 6.00 | ERROR | |||
r-release-windows-x86_64 | 1.0 | 24.00 | 98.00 | 122.00 | OK | |
r-oldrel-macos-arm64 | 1.0 | 9.00 | ERROR | |||
r-oldrel-macos-x86_64 | 1.0 | 11.00 | ERROR | |||
r-oldrel-windows-ix86+x86_64 | 1.0 | 23.00 | 18.00 | 41.00 | ERROR |
Version: 1.0
Check: package dependencies
Result: ERROR
Packages required and available but unsuitable versions: 'stats', 'utils'
See section ‘The DESCRIPTION file’ in the ‘Writing R Extensions’
manual.
Flavors: r-release-macos-arm64, r-release-macos-x86_64, r-oldrel-macos-arm64, r-oldrel-macos-x86_64, r-oldrel-windows-ix86+x86_64