Last updated on 2023-02-05 03:53:53 CET.
Flavor | Version | Tinstall | Tcheck | Ttotal | Status | Flags |
---|---|---|---|---|---|---|
r-devel-linux-x86_64-debian-clang | 2.1.6 | 8.24 | 380.13 | 388.37 | OK | |
r-devel-linux-x86_64-debian-gcc | 2.1.6 | 6.40 | 263.94 | 270.34 | OK | |
r-devel-linux-x86_64-fedora-clang | 2.1.6 | 446.32 | NOTE | |||
r-devel-linux-x86_64-fedora-gcc | 2.1.6 | 453.58 | NOTE | |||
r-devel-windows-x86_64 | 2.1.6 | 28.00 | 404.00 | 432.00 | OK | |
r-patched-linux-x86_64 | 2.1.6 | 8.00 | 354.43 | 362.43 | OK | |
r-release-linux-x86_64 | 2.1.6 | 5.63 | 345.91 | 351.54 | OK | |
r-release-macos-arm64 | 2.1.6 | 76.00 | NOTE | |||
r-release-macos-x86_64 | 2.1.6 | 153.00 | NOTE | |||
r-release-windows-x86_64 | 2.1.6 | 31.00 | 393.00 | 424.00 | OK | |
r-oldrel-macos-arm64 | 2.1.6 | 94.00 | NOTE | |||
r-oldrel-macos-x86_64 | 2.1.6 | 155.00 | NOTE | |||
r-oldrel-windows-ix86+x86_64 | 2.1.6 | 16.00 | 437.00 | 453.00 | OK |
Version: 2.1.6
Check: dependencies in R code
Result: NOTE
Namespaces in Imports field not imported from:
‘ggfortify’ ‘ggplot2’ ‘ggraph’ ‘reshape2’
All declared Imports should be used.
Flavors: r-devel-linux-x86_64-fedora-clang, r-devel-linux-x86_64-fedora-gcc, r-release-macos-arm64, r-release-macos-x86_64, r-oldrel-macos-arm64, r-oldrel-macos-x86_64