CRAN Package Check Results for Package neuroblastoma

Last updated on 2022-09-30 04:59:15 CEST.

Flavor Version Tinstall Tcheck Ttotal Status Flags
r-devel-linux-x86_64-debian-clang 1.0 2.02 17.65 19.67 OK
r-devel-linux-x86_64-debian-gcc 1.0 1.39 14.18 15.57 OK
r-devel-linux-x86_64-fedora-clang 1.0 36.13 NOTE
r-devel-linux-x86_64-fedora-gcc 1.0 36.25 OK
r-devel-windows-x86_64 1.0 7.00 40.00 47.00 NOTE
r-patched-linux-x86_64 1.0 1.76 17.40 19.16 OK
r-release-linux-x86_64 1.0 2.03 17.75 19.78 OK
r-release-macos-arm64 1.0 13.00 NOTE
r-release-macos-x86_64 1.0 20.00 NOTE
r-release-windows-x86_64 1.0 4.00 38.00 42.00 NOTE
r-oldrel-macos-arm64 1.0 19.00 NOTE
r-oldrel-macos-x86_64 1.0 25.00 NOTE
r-oldrel-windows-ix86+x86_64 1.0 4.00 21.00 25.00 NOTE

Check Details

Version: 1.0
Check: installed package size
Result: NOTE
     installed size is 7.7Mb
     sub-directories of 1Mb or more:
     data 7.6Mb
Flavors: r-devel-linux-x86_64-fedora-clang, r-devel-windows-x86_64, r-release-macos-arm64, r-release-macos-x86_64, r-release-windows-x86_64, r-oldrel-macos-arm64, r-oldrel-macos-x86_64, r-oldrel-windows-ix86+x86_64