CRAN Package Check Results for Package neuroim

Last updated on 2022-09-28 04:51:06 CEST.

Flavor Version Tinstall Tcheck Ttotal Status Flags
r-devel-linux-x86_64-debian-clang 0.0.6 44.06 184.47 228.53 OK
r-devel-linux-x86_64-debian-gcc 0.0.6 37.55 135.43 172.98 OK
r-devel-linux-x86_64-fedora-clang 0.0.6 303.38 NOTE
r-devel-linux-x86_64-fedora-gcc 0.0.6 300.34 NOTE
r-devel-windows-x86_64 0.0.6 132.00 257.00 389.00 OK
r-patched-linux-x86_64 0.0.6 38.45 173.14 211.59 OK
r-release-linux-x86_64 0.0.6 40.62 170.48 211.10 OK
r-release-macos-arm64 0.0.6 69.00 OK
r-release-macos-x86_64 0.0.6 128.00 OK
r-release-windows-x86_64 0.0.6 162.00 228.00 390.00 OK
r-oldrel-macos-arm64 0.0.6 85.00 OK
r-oldrel-macos-x86_64 0.0.6 167.00 OK
r-oldrel-windows-ix86+x86_64 0.0.6 93.00 265.00 358.00 OK

Check Details

Version: 0.0.6
Check: compiled code
Result: NOTE
    File ‘neuroim/libs/neuroim.so’:
     Found no calls to: ‘R_registerRoutines’, ‘R_useDynamicSymbols’
    
    It is good practice to register native routines and to disable symbol
    search.
    
    See ‘Writing portable packages’ in the ‘Writing R Extensions’ manual.
Flavors: r-devel-linux-x86_64-fedora-clang, r-devel-linux-x86_64-fedora-gcc