CRAN Package Check Results for Package nextGenShinyApps

Last updated on 2022-12-02 04:00:15 CET.

Flavor Version Tinstall Tcheck Ttotal Status Flags
r-devel-linux-x86_64-debian-clang 1.5 5.85 46.45 52.30 OK
r-devel-linux-x86_64-debian-gcc 1.5 4.01 35.53 39.54 OK
r-devel-linux-x86_64-fedora-clang 1.5 74.82 NOTE
r-devel-linux-x86_64-fedora-gcc 1.5 71.66 NOTE
r-devel-windows-x86_64 1.5 63.00 94.00 157.00 OK
r-patched-linux-x86_64 1.5 5.22 43.36 48.58 OK
r-release-linux-x86_64 1.5 4.62 43.15 47.77 OK
r-release-macos-arm64 1.5 24.00 NOTE
r-release-macos-x86_64 1.5 34.00 NOTE
r-release-windows-x86_64 1.5 73.00 85.00 158.00 OK
r-oldrel-macos-arm64 1.5 25.00 NOTE
r-oldrel-macos-x86_64 1.5 35.00 NOTE
r-oldrel-windows-ix86+x86_64 1.5 13.00 75.00 88.00 OK

Check Details

Version: 1.5
Check: dependencies in R code
Result: NOTE
    Namespace in Imports field not imported from: ‘utils’
     All declared Imports should be used.
Flavors: r-devel-linux-x86_64-fedora-clang, r-devel-linux-x86_64-fedora-gcc, r-release-macos-arm64, r-release-macos-x86_64, r-oldrel-macos-arm64, r-oldrel-macos-x86_64