Last updated on 2023-03-24 03:54:23 CET.
Flavor | Version | Tinstall | Tcheck | Ttotal | Status | Flags |
---|---|---|---|---|---|---|
r-devel-linux-x86_64-debian-clang | 1.9.3 | 6.25 | 52.69 | 58.94 | OK | |
r-devel-linux-x86_64-debian-gcc | 1.9.3 | 5.25 | 39.79 | 45.04 | OK | |
r-devel-linux-x86_64-fedora-clang | 1.9.3 | 76.46 | OK | |||
r-devel-linux-x86_64-fedora-gcc | 1.9.3 | 68.12 | OK | |||
r-patched-linux-x86_64 | 1.9.3 | 7.87 | 52.22 | 60.09 | OK | |
r-release-linux-x86_64 | 1.9.3 | 4.98 | 52.39 | 57.37 | OK | |
r-release-macos-arm64 | 1.9.3 | 43.00 | OK | |||
r-release-macos-x86_64 | 1.9.3 | 37.00 | OK | |||
r-release-windows-x86_64 | 1.9.3 | 18.00 | 89.00 | 107.00 | OK | |
r-oldrel-macos-arm64 | 1.9.3 | 26.00 | OK | |||
r-oldrel-macos-x86_64 | 1.9.3 | 39.00 | OK | |||
r-oldrel-windows-ix86+x86_64 | 1.9.3 | 15.00 | 80.00 | 95.00 | NOTE |
Version: 1.9.3
Check: dependencies in R code
Result: NOTE
Initiating curl with CURL_SSL_BACKEND: openssl
Flavor: r-oldrel-windows-ix86+x86_64