CRAN Package Check Results for Package nhlscrape

Last updated on 2022-08-10 04:54:06 CEST.

Flavor Version Tinstall Tcheck Ttotal Status Flags
r-devel-linux-x86_64-debian-clang 0.1.3 3.07 30.70 33.77 NOTE
r-devel-linux-x86_64-debian-gcc 0.1.3 2.30 23.93 26.23 NOTE
r-devel-linux-x86_64-fedora-clang 0.1.3 50.98 NOTE
r-devel-linux-x86_64-fedora-gcc 0.1.3 50.71 NOTE
r-devel-windows-x86_64 0.1.3 22.00 57.00 79.00 NOTE
r-patched-linux-x86_64 0.1.3 2.39 30.15 32.54 NOTE
r-release-linux-x86_64 0.1.3 NOTE
r-release-macos-arm64 0.1.3 18.00 NOTE
r-release-macos-x86_64 0.1.3 26.00 NOTE
r-release-windows-x86_64 0.1.3 16.00 65.00 81.00 NOTE
r-oldrel-macos-arm64 0.1.3 20.00 NOTE
r-oldrel-macos-x86_64 0.1.3 28.00 NOTE
r-oldrel-windows-ix86+x86_64 0.1.3 7.00 48.00 55.00 NOTE

Check Details

Version: 0.1.3
Check: LazyData
Result: NOTE
     'LazyData' is specified without a 'data' directory
Flavors: r-devel-linux-x86_64-debian-clang, r-devel-linux-x86_64-debian-gcc, r-devel-linux-x86_64-fedora-clang, r-devel-linux-x86_64-fedora-gcc, r-devel-windows-x86_64, r-patched-linux-x86_64, r-release-linux-x86_64, r-release-macos-arm64, r-release-macos-x86_64, r-release-windows-x86_64, r-oldrel-macos-arm64, r-oldrel-macos-x86_64, r-oldrel-windows-ix86+x86_64