Last updated on 2023-10-02 05:06:44 CEST.
Flavor | Version | Tinstall | Tcheck | Ttotal | Status | Flags |
---|---|---|---|---|---|---|
r-devel-linux-x86_64-debian-clang | 1.0.1 | 477.95 | 318.58 | 796.53 | OK | |
r-devel-linux-x86_64-debian-gcc | 1.0.1 | 356.54 | 238.03 | 594.57 | OK | |
r-devel-linux-x86_64-fedora-clang | 1.0.1 | 1158.91 | NOTE | |||
r-devel-linux-x86_64-fedora-gcc | 1.0.1 | 1125.78 | OK | |||
r-devel-windows-x86_64 | 1.0.1 | 395.00 | 246.00 | 641.00 | NOTE | |
r-patched-linux-x86_64 | 1.0.1 | 443.23 | 309.22 | 752.45 | OK | |
r-release-linux-x86_64 | 1.0.1 | 443.49 | 319.27 | 762.76 | OK | |
r-release-macos-arm64 | 1.0.1 | 202.00 | NOTE | |||
r-release-macos-x86_64 | 1.0.1 | 769.00 | NOTE | |||
r-release-windows-x86_64 | 1.0.1 | 506.00 | 305.00 | 811.00 | NOTE | |
r-oldrel-macos-arm64 | 1.0.1 | 195.00 | NOTE | |||
r-oldrel-macos-x86_64 | 1.0.1 | 295.00 | NOTE | |||
r-oldrel-windows-x86_64 | 1.0.1 | 482.00 | 259.00 | 741.00 | NOTE |
Version: 1.0.1
Check: installed package size
Result: NOTE
installed size is 23.7Mb
sub-directories of 1Mb or more:
CppCode 2.7Mb
R 7.5Mb
classic-bugs 1.6Mb
include 10.6Mb
Flavors: r-devel-linux-x86_64-fedora-clang, r-devel-windows-x86_64, r-release-macos-arm64, r-release-macos-x86_64, r-release-windows-x86_64, r-oldrel-macos-arm64, r-oldrel-macos-x86_64, r-oldrel-windows-x86_64