CRAN Package Check Results for Package nimbleCarbon

Last updated on 2024-07-19 04:56:44 CEST.

Flavor Version Tinstall Tcheck Ttotal Status Flags
r-devel-linux-x86_64-debian-clang 0.2.5 18.66 165.59 184.25 NOTE
r-devel-linux-x86_64-debian-gcc 0.2.5 15.25 128.79 144.04 NOTE
r-devel-linux-x86_64-fedora-clang 0.2.5 235.48 NOTE
r-devel-linux-x86_64-fedora-gcc 0.2.5 247.23 NOTE
r-devel-windows-x86_64 0.2.5 18.00 137.00 155.00 NOTE
r-patched-linux-x86_64 0.2.5 25.24 157.76 183.00 NOTE
r-release-linux-x86_64 0.2.5 17.61 161.22 178.83 NOTE
r-release-macos-arm64 0.2.5 72.00 NOTE
r-release-macos-x86_64 0.2.5 105.00 NOTE
r-release-windows-x86_64 0.2.5 17.00 138.00 155.00 NOTE
r-oldrel-macos-arm64 0.2.5 79.00 OK
r-oldrel-macos-x86_64 0.2.5 170.00 OK
r-oldrel-windows-x86_64 0.2.5 21.00 165.00 186.00 OK

Check Details

Version: 0.2.5
Check: Rd files
Result: NOTE checkRd: (-1) postPredSPD.Rd:53: Lost braces in \itemize; \value handles \item{}{} directly checkRd: (-1) postPredSPD.Rd:54: Lost braces in \itemize; \value handles \item{}{} directly Flavors: r-devel-linux-x86_64-debian-clang, r-devel-linux-x86_64-debian-gcc, r-devel-linux-x86_64-fedora-clang, r-devel-linux-x86_64-fedora-gcc, r-devel-windows-x86_64, r-patched-linux-x86_64, r-release-linux-x86_64, r-release-macos-arm64, r-release-macos-x86_64, r-release-windows-x86_64

Version: 0.2.5
Check: Rd cross-references
Result: NOTE Found the following Rd file(s) with Rd \link{} targets missing package anchors: compare.models.Rd: nimbleMCMC, runMCMC Please provide package anchors for all Rd \link{} targets not in the package itself and the base packages. Flavor: r-devel-windows-x86_64