CRAN Package Check Results for Package nltm

Last updated on 2022-08-13 04:57:53 CEST.

Flavor Version Tinstall Tcheck Ttotal Status Flags
r-devel-linux-x86_64-debian-clang 1.4.4 18.20 70.45 88.65 NOTE
r-devel-linux-x86_64-debian-gcc 1.4.4 14.40 53.13 67.53 NOTE
r-devel-linux-x86_64-fedora-clang 1.4.4 119.40 NOTE
r-devel-linux-x86_64-fedora-gcc 1.4.4 115.33 NOTE
r-devel-windows-x86_64 1.4.4 24.00 104.00 128.00 NOTE
r-patched-linux-x86_64 1.4.4 15.03 66.30 81.33 OK
r-release-linux-x86_64 1.4.4 12.98 66.76 79.74 OK
r-release-macos-arm64 1.4.4 38.00 OK
r-release-macos-x86_64 1.4.4 48.00 OK
r-release-windows-x86_64 1.4.4 25.00 109.00 134.00 OK
r-oldrel-macos-arm64 1.4.4 29.00 OK
r-oldrel-macos-x86_64 1.4.4 46.00 OK
r-oldrel-windows-ix86+x86_64 1.4.4 41.00 118.00 159.00 OK

Check Details

Version: 1.4.4
Check: Rd files
Result: NOTE
    checkRd: (-1) nltm.control.Rd:29: Escaped LaTeX specials: \$
Flavors: r-devel-linux-x86_64-debian-clang, r-devel-linux-x86_64-debian-gcc, r-devel-linux-x86_64-fedora-clang, r-devel-linux-x86_64-fedora-gcc, r-devel-windows-x86_64