CRAN Package Check Results for Package nn2poly

Last updated on 2024-06-15 04:48:48 CEST.

Flavor Version Tinstall Tcheck Ttotal Status Flags
r-devel-linux-x86_64-debian-clang 0.1.1 48.96 64.97 113.93 NOTE
r-devel-linux-x86_64-debian-gcc 0.1.1 31.95 50.35 82.30 NOTE
r-devel-linux-x86_64-fedora-clang 0.1.1 157.36 NOTE
r-devel-linux-x86_64-fedora-gcc 0.1.1 168.47 NOTE
r-devel-windows-x86_64 0.1.1 38.00 99.00 137.00 NOTE
r-patched-linux-x86_64 0.1.1 42.08 62.74 104.82 NOTE
r-release-linux-x86_64 0.1.1 40.53 63.64 104.17 NOTE
r-release-macos-arm64 0.1.1 47.00 NOTE
r-release-macos-x86_64 0.1.1 83.00 NOTE
r-release-windows-x86_64 0.1.1 37.00 108.00 145.00 NOTE
r-oldrel-macos-arm64 0.1.1 52.00 NOTE
r-oldrel-macos-x86_64 0.1.1 124.00 NOTE
r-oldrel-windows-x86_64 0.1.1 46.00 113.00 159.00 NOTE

Check Details

Version: 0.1.1
Check: C++ specification
Result: NOTE Specified C++14: please drop specification unless essential Flavors: r-devel-linux-x86_64-debian-clang, r-devel-linux-x86_64-debian-gcc, r-devel-linux-x86_64-fedora-clang, r-devel-linux-x86_64-fedora-gcc, r-devel-windows-x86_64, r-patched-linux-x86_64, r-release-linux-x86_64, r-release-macos-arm64, r-release-macos-x86_64, r-release-windows-x86_64, r-oldrel-macos-arm64, r-oldrel-macos-x86_64, r-oldrel-windows-x86_64

Version: 0.1.1
Check: HTML version of manual
Result: NOTE Found the following HTML validation problems: nn2poly.html:129:1 (nn2poly.Rd:75): Warning: trimming empty <li> nn2poly.html:128:1 (nn2poly.Rd:75): Warning: trimming empty <ol> Flavors: r-devel-linux-x86_64-debian-clang, r-devel-linux-x86_64-debian-gcc, r-devel-linux-x86_64-fedora-clang, r-devel-linux-x86_64-fedora-gcc, r-devel-windows-x86_64, r-patched-linux-x86_64, r-release-linux-x86_64, r-release-windows-x86_64