CRAN Package Check Results for Package nparsurv

Last updated on 2022-08-13 04:57:53 CEST.

Flavor Version Tinstall Tcheck Ttotal Status Flags
r-devel-linux-x86_64-debian-clang 0.1.0 6.50 64.40 70.90 NOTE
r-devel-linux-x86_64-debian-gcc 0.1.0 6.18 49.80 55.98 NOTE
r-devel-linux-x86_64-fedora-clang 0.1.0 94.55 NOTE
r-devel-linux-x86_64-fedora-gcc 0.1.0 95.00 NOTE
r-devel-windows-x86_64 0.1.0 11.00 84.00 95.00 NOTE
r-patched-linux-x86_64 0.1.0 7.40 61.67 69.07 NOTE
r-release-linux-x86_64 0.1.0 6.24 62.96 69.20 NOTE
r-release-macos-arm64 0.1.0 28.00 NOTE
r-release-macos-x86_64 0.1.0 42.00 NOTE
r-release-windows-x86_64 0.1.0 17.00 88.00 105.00 NOTE
r-oldrel-macos-arm64 0.1.0 36.00 NOTE
r-oldrel-macos-x86_64 0.1.0 59.00 NOTE
r-oldrel-windows-ix86+x86_64 0.1.0 17.00 79.00 96.00 NOTE

Check Details

Version: 0.1.0
Check: LazyData
Result: NOTE
     'LazyData' is specified without a 'data' directory
Flavors: r-devel-linux-x86_64-debian-clang, r-devel-linux-x86_64-debian-gcc, r-devel-linux-x86_64-fedora-clang, r-devel-linux-x86_64-fedora-gcc, r-devel-windows-x86_64, r-patched-linux-x86_64, r-release-linux-x86_64, r-release-macos-arm64, r-release-macos-x86_64, r-release-windows-x86_64, r-oldrel-macos-arm64, r-oldrel-macos-x86_64, r-oldrel-windows-ix86+x86_64