Last updated on 2023-03-29 04:51:18 CEST.
Flavor | Version | Tinstall | Tcheck | Ttotal | Status | Flags |
---|---|---|---|---|---|---|
r-devel-linux-x86_64-debian-clang | 2.1.5 | 9.71 | 131.90 | 141.61 | NOTE | |
r-devel-linux-x86_64-debian-gcc | 2.1.5 | 8.44 | 90.93 | 99.37 | NOTE | |
r-devel-linux-x86_64-fedora-clang | 2.1.5 | 171.89 | NOTE | |||
r-devel-linux-x86_64-fedora-gcc | 2.1.5 | 185.49 | NOTE | |||
r-devel-windows-x86_64 | 2.1.5 | 22.00 | 0.00 | 22.00 | NOTE | |
r-patched-linux-x86_64 | 2.1.5 | 9.91 | 128.22 | 138.13 | NOTE | |
r-release-linux-x86_64 | 2.1.5 | 8.56 | 132.28 | 140.84 | NOTE | |
r-release-macos-arm64 | 2.1.5 | 48.00 | NOTE | |||
r-release-macos-x86_64 | 2.1.5 | 65.00 | NOTE | |||
r-release-windows-x86_64 | 2.1.5 | 15.00 | 166.00 | 181.00 | NOTE | |
r-oldrel-macos-arm64 | 2.1.5 | 52.00 | NOTE | |||
r-oldrel-macos-x86_64 | 2.1.5 | 79.00 | NOTE | |||
r-oldrel-windows-ix86+x86_64 | 2.1.5 | 21.00 | 182.00 | 203.00 | NOTE |
Version: 2.1.5
Check: LazyData
Result: NOTE
'LazyData' is specified without a 'data' directory
Flavors: r-devel-linux-x86_64-debian-clang, r-devel-linux-x86_64-debian-gcc, r-devel-linux-x86_64-fedora-clang, r-devel-linux-x86_64-fedora-gcc, r-devel-windows-x86_64, r-patched-linux-x86_64, r-release-linux-x86_64, r-release-macos-arm64, r-release-macos-x86_64, r-release-windows-x86_64, r-oldrel-macos-arm64, r-oldrel-macos-x86_64, r-oldrel-windows-ix86+x86_64