Last updated on 2023-11-28 04:03:17 CET.
Flavor | Version | Tinstall | Tcheck | Ttotal | Status | Flags |
---|---|---|---|---|---|---|
r-devel-linux-x86_64-debian-clang | 0.2.2 | 5.31 | 71.63 | 76.94 | NOTE | |
r-devel-linux-x86_64-debian-gcc | 0.2.2 | 3.63 | 82.62 | 86.25 | OK | |
r-devel-linux-x86_64-fedora-clang | 0.2.2 | 136.31 | NOTE | |||
r-devel-linux-x86_64-fedora-gcc | 0.2.2 | 142.20 | NOTE | |||
r-devel-windows-x86_64 | 0.2.2 | 8.00 | 98.00 | 106.00 | OK | |
r-patched-linux-x86_64 | 0.2.2 | 4.25 | 102.17 | 106.42 | OK | |
r-release-linux-x86_64 | 0.2.2 | 3.35 | 102.80 | 106.15 | OK | |
r-release-macos-arm64 | 0.2.2 | 81.00 | OK | |||
r-release-macos-x86_64 | 0.2.2 | 110.00 | OK | |||
r-release-windows-x86_64 | 0.2.2 | 9.00 | 118.00 | 127.00 | OK | |
r-oldrel-macos-arm64 | 0.2.2 | 67.00 | OK | |||
r-oldrel-macos-x86_64 | 0.2.2 | 95.00 | OK | |||
r-oldrel-windows-x86_64 | 0.2.2 | 12.00 | 115.00 | 127.00 | OK |
Version: 0.2.2
Check: R code for possible problems
Result: NOTE
.onAttach: no visible binding for global variable ‘ohsome_metadata’
Undefined global functions or variables:
ohsome_metadata
Flavor: r-devel-linux-x86_64-debian-clang
Version: 0.2.2
Check: Rd cross-references
Result: NOTE
Undeclared package ‘sp’ in Rd xrefs
Flavor: r-devel-linux-x86_64-fedora-clang
Version: 0.2.2
Check: data for non-ASCII characters
Result: NOTE
Note: found 12 marked UTF-8 strings
Flavors: r-devel-linux-x86_64-fedora-clang, r-devel-linux-x86_64-fedora-gcc