CRAN Package Check Results for Package openMSE

Last updated on 2022-12-01 04:00:38 CET.

Flavor Version Tinstall Tcheck Ttotal Status Flags
r-devel-linux-x86_64-debian-clang 1.0.0 14.32 113.32 127.64 NOTE
r-devel-linux-x86_64-debian-gcc 1.0.0 10.94 86.42 97.36 NOTE
r-devel-linux-x86_64-fedora-clang 1.0.0 163.17 NOTE
r-devel-linux-x86_64-fedora-gcc 1.0.0 158.80 NOTE
r-devel-windows-x86_64 1.0.0 17.00 132.00 149.00 NOTE
r-patched-linux-x86_64 1.0.0 12.75 105.90 118.65 NOTE
r-release-linux-x86_64 1.0.0 9.62 106.51 116.13 NOTE
r-release-macos-arm64 1.0.0 37.00 NOTE
r-release-macos-x86_64 1.0.0 72.00 NOTE
r-release-windows-x86_64 1.0.0 18.00 140.00 158.00 NOTE
r-oldrel-macos-arm64 1.0.0 44.00 NOTE
r-oldrel-macos-x86_64 1.0.0 56.00 NOTE
r-oldrel-windows-ix86+x86_64 1.0.0 31.00 131.00 162.00 NOTE

Check Details

Version: 1.0.0
Check: LazyData
Result: NOTE
     'LazyData' is specified without a 'data' directory
Flavors: r-devel-linux-x86_64-debian-clang, r-devel-linux-x86_64-debian-gcc, r-devel-linux-x86_64-fedora-clang, r-devel-linux-x86_64-fedora-gcc, r-devel-windows-x86_64, r-patched-linux-x86_64, r-release-linux-x86_64, r-release-macos-arm64, r-release-macos-x86_64, r-release-windows-x86_64, r-oldrel-macos-arm64, r-oldrel-macos-x86_64, r-oldrel-windows-ix86+x86_64