Last updated on 2023-09-24 05:02:29 CEST.
Flavor | Version | Tinstall | Tcheck | Ttotal | Status | Flags |
---|---|---|---|---|---|---|
r-devel-linux-x86_64-debian-clang | 4.2.5.2 | 131.41 | 140.48 | 271.89 | OK | |
r-devel-linux-x86_64-debian-gcc | 4.2.5.2 | 105.15 | 105.38 | 210.53 | OK | |
r-devel-linux-x86_64-fedora-clang | 4.2.5.2 | 371.12 | OK | |||
r-devel-linux-x86_64-fedora-gcc | 4.2.5.2 | 383.92 | OK | |||
r-devel-windows-x86_64 | 4.2.5.2 | 108.00 | 163.00 | 271.00 | OK | |
r-patched-linux-x86_64 | 4.2.5.2 | 137.23 | 136.14 | 273.37 | OK | |
r-release-linux-x86_64 | 4.2.5.2 | 142.12 | 134.68 | 276.80 | OK | |
r-release-macos-arm64 | 4.2.5.2 | 109.00 | NOTE | |||
r-release-macos-x86_64 | 4.2.5.2 | 185.00 | NOTE | |||
r-release-windows-x86_64 | 4.2.5.2 | 143.00 | 188.00 | 331.00 | OK | |
r-oldrel-macos-arm64 | 4.2.5.2 | 96.00 | NOTE | |||
r-oldrel-macos-x86_64 | 4.2.5.2 | 146.00 | NOTE | |||
r-oldrel-windows-x86_64 | 4.2.5.2 | 141.00 | 175.00 | 316.00 | OK |
Version: 4.2.5.2
Check: installed package size
Result: NOTE
installed size is 7.1Mb
sub-directories of 1Mb or more:
extdata 1.1Mb
libs 4.9Mb
Flavors: r-release-macos-arm64, r-release-macos-x86_64, r-oldrel-macos-arm64, r-oldrel-macos-x86_64