Last updated on 2022-08-09 04:52:26 CEST.
Flavor | Version | Tinstall | Tcheck | Ttotal | Status | Flags |
---|---|---|---|---|---|---|
r-devel-linux-x86_64-debian-clang | 1.2.0 | 171.09 | 160.38 | 331.47 | OK | |
r-devel-linux-x86_64-debian-gcc | 1.2.0 | 150.80 | 120.00 | 270.80 | OK | |
r-devel-linux-x86_64-fedora-clang | 1.2.0 | 459.44 | NOTE | |||
r-devel-linux-x86_64-fedora-gcc | 1.2.0 | 430.87 | NOTE | |||
r-devel-windows-x86_64 | 1.2.0 | 126.00 | 206.00 | 332.00 | NOTE | |
r-patched-linux-x86_64 | 1.2.0 | 158.29 | 153.65 | 311.94 | OK | |
r-release-linux-x86_64 | 1.2.0 | OK | ||||
r-release-macos-arm64 | 1.2.0 | 102.00 | NOTE | |||
r-release-macos-x86_64 | 1.2.0 | 140.00 | NOTE | |||
r-release-windows-x86_64 | 1.2.0 | 126.00 | 210.00 | 336.00 | NOTE | |
r-oldrel-macos-arm64 | 1.2.0 | 95.00 | NOTE | |||
r-oldrel-macos-x86_64 | 1.2.0 | 140.00 | NOTE | |||
r-oldrel-windows-ix86+x86_64 | 1.2.0 | 361.00 | 276.00 | 637.00 | NOTE |
Version: 1.2.0
Check: installed package size
Result: NOTE
installed size is 33.0Mb
sub-directories of 1Mb or more:
extdata 2.1Mb
libs 29.3Mb
Flavors: r-devel-linux-x86_64-fedora-clang, r-devel-windows-x86_64, r-release-macos-arm64, r-release-macos-x86_64, r-release-windows-x86_64, r-oldrel-macos-arm64, r-oldrel-macos-x86_64, r-oldrel-windows-ix86+x86_64
Version: 1.2.0
Check: dependencies in R code
Result: NOTE
Namespace in Imports field not imported from: ‘Rdpack’
All declared Imports should be used.
Flavors: r-devel-linux-x86_64-fedora-clang, r-devel-linux-x86_64-fedora-gcc, r-release-macos-arm64, r-release-macos-x86_64, r-oldrel-macos-arm64, r-oldrel-macos-x86_64