Last updated on 2023-02-01 03:54:23 CET.
Flavor | Version | Tinstall | Tcheck | Ttotal | Status | Flags |
---|---|---|---|---|---|---|
r-devel-linux-x86_64-debian-clang | 1.0.1 | 10.32 | 88.46 | 98.78 | NOTE | |
r-devel-linux-x86_64-debian-gcc | 1.0.1 | 8.23 | 67.00 | 75.23 | NOTE | |
r-devel-linux-x86_64-fedora-clang | 1.0.1 | 124.96 | NOTE | |||
r-devel-linux-x86_64-fedora-gcc | 1.0.1 | 126.85 | NOTE | |||
r-devel-windows-x86_64 | 1.0.1 | 22.00 | 114.00 | 136.00 | OK | |
r-patched-linux-x86_64 | 1.0.1 | 14.36 | 88.47 | 102.83 | NOTE | |
r-release-linux-x86_64 | 1.0.1 | 11.97 | 88.71 | 100.68 | NOTE | |
r-release-macos-arm64 | 1.0.1 | 40.00 | OK | |||
r-release-macos-x86_64 | 1.0.1 | 63.00 | OK | |||
r-release-windows-x86_64 | 1.0.1 | 16.00 | 128.00 | 144.00 | OK | |
r-oldrel-macos-arm64 | 1.0.1 | 57.00 | OK | |||
r-oldrel-macos-x86_64 | 1.0.1 | 85.00 | OK | |||
r-oldrel-windows-ix86+x86_64 | 1.0.1 | 23.00 | 105.00 | 128.00 | OK |
Version: 1.0.1
Check: for non-standard things in the check directory
Result: NOTE
Found the following files/directories:
‘Graph_layout_Doptbd_trtE’
Flavors: r-devel-linux-x86_64-debian-clang, r-devel-linux-x86_64-debian-gcc, r-devel-linux-x86_64-fedora-clang, r-devel-linux-x86_64-fedora-gcc, r-patched-linux-x86_64, r-release-linux-x86_64