Last updated on 2022-08-18 04:56:31 CEST.
Flavor | Version | Tinstall | Tcheck | Ttotal | Status | Flags |
---|---|---|---|---|---|---|
r-devel-linux-x86_64-debian-clang | 0.1-1 | 46.96 | 81.10 | 128.06 | NOTE | |
r-devel-linux-x86_64-debian-gcc | 0.1-1 | 41.01 | 64.12 | 105.13 | NOTE | |
r-devel-linux-x86_64-fedora-clang | 0.1-1 | 204.66 | NOTE | |||
r-devel-linux-x86_64-fedora-gcc | 0.1-1 | 182.82 | NOTE | |||
r-devel-windows-x86_64 | 0.1-1 | 57.00 | 119.00 | 176.00 | NOTE | |
r-patched-linux-x86_64 | 0.1-1 | 42.52 | 80.36 | 122.88 | NOTE | |
r-release-linux-x86_64 | 0.1-1 | 39.47 | 80.14 | 119.61 | NOTE | |
r-release-macos-arm64 | 0.1-1 | 46.00 | NOTE | |||
r-release-macos-x86_64 | 0.1-1 | 65.00 | NOTE | |||
r-release-windows-x86_64 | 0.1-1 | 56.00 | 120.00 | 176.00 | NOTE | |
r-oldrel-macos-arm64 | 0.1-1 | 54.00 | NOTE | |||
r-oldrel-macos-x86_64 | 0.1-1 | 89.00 | NOTE | |||
r-oldrel-windows-ix86+x86_64 | 0.1-1 | 117.00 | 146.00 | 263.00 | NOTE |
Version: 0.1-1
Check: LazyData
Result: NOTE
'LazyData' is specified without a 'data' directory
Flavors: r-devel-linux-x86_64-debian-clang, r-devel-linux-x86_64-debian-gcc, r-devel-linux-x86_64-fedora-clang, r-devel-linux-x86_64-fedora-gcc, r-devel-windows-x86_64, r-patched-linux-x86_64, r-release-linux-x86_64, r-release-macos-arm64, r-release-macos-x86_64, r-release-windows-x86_64, r-oldrel-macos-arm64, r-oldrel-macos-x86_64, r-oldrel-windows-ix86+x86_64