Last updated on 2022-07-05 04:52:20 CEST.
Flavor | Version | Tinstall | Tcheck | Ttotal | Status | Flags |
---|---|---|---|---|---|---|
r-devel-linux-x86_64-debian-clang | 2.0-1 | 2.80 | 30.53 | 33.33 | OK | --install=fake --no-examples --no-tests --no-vignettes |
r-devel-linux-x86_64-debian-gcc | 2.0-1 | 2.46 | 23.67 | 26.13 | OK | --install=fake --no-examples --no-tests --no-vignettes |
r-devel-windows-x86_64 | 2.0-1 | 1.00 | 6.00 | 7.00 | ERROR | |
r-patched-linux-x86_64 | 2.0-1 | 2.21 | 29.68 | 31.89 | OK | --install=fake --no-examples --no-tests --no-vignettes |
r-release-linux-x86_64 | 2.0-1 | 2.85 | 29.02 | 31.87 | OK | --install=fake --no-examples --no-tests --no-vignettes |
r-release-macos-arm64 | 2.0-1 | 5.00 | ERROR | |||
r-release-macos-x86_64 | 2.0-1 | 6.00 | ERROR | |||
r-release-windows-x86_64 | 2.0-1 | 1.00 | 7.00 | 8.00 | ERROR | |
r-oldrel-macos-arm64 | 2.0-1 | 5.00 | ERROR | |||
r-oldrel-macos-x86_64 | 2.0-1 | 7.00 | ERROR |
Version: 2.0-1
Check: package dependencies
Result: ERROR
Package required but not available: 'ROracle'
See section 'The DESCRIPTION file' in the 'Writing R Extensions'
manual.
Flavors: r-devel-windows-x86_64, r-release-macos-arm64, r-release-macos-x86_64, r-release-windows-x86_64, r-oldrel-macos-arm64, r-oldrel-macos-x86_64