Last updated on 2023-02-05 03:53:54 CET.
Flavor | Version | Tinstall | Tcheck | Ttotal | Status | Flags |
---|---|---|---|---|---|---|
r-devel-linux-x86_64-debian-clang | 1.1.3 | 54.69 | 228.38 | 283.07 | NOTE | |
r-devel-linux-x86_64-debian-gcc | 1.1.3 | 42.98 | 167.31 | 210.29 | NOTE | |
r-devel-linux-x86_64-fedora-clang | 1.1.3 | 373.94 | NOTE | |||
r-devel-linux-x86_64-fedora-gcc | 1.1.3 | 367.92 | NOTE | |||
r-devel-windows-x86_64 | 1.1.3 | 158.00 | 279.00 | 437.00 | NOTE | |
r-patched-linux-x86_64 | 1.1.3 | 47.37 | 207.80 | 255.17 | OK | |
r-release-linux-x86_64 | 1.1.3 | 48.14 | 200.00 | 248.14 | OK | |
r-release-macos-arm64 | 1.1.3 | 143.00 | OK | |||
r-release-macos-x86_64 | 1.1.3 | 136.00 | OK | |||
r-release-windows-x86_64 | 1.1.3 | 226.00 | 310.00 | 536.00 | OK | |
r-oldrel-macos-arm64 | 1.1.3 | 127.00 | OK | |||
r-oldrel-macos-x86_64 | 1.1.3 | 139.00 | OK | |||
r-oldrel-windows-ix86+x86_64 | 1.1.3 | 129.00 | 310.00 | 439.00 | OK |
Version: 1.1.3
Check: C++ specification
Result: NOTE
Specified C++11: please update to current default of C++17
Flavors: r-devel-linux-x86_64-debian-clang, r-devel-linux-x86_64-debian-gcc, r-devel-linux-x86_64-fedora-clang, r-devel-linux-x86_64-fedora-gcc, r-devel-windows-x86_64