Last updated on 2022-08-10 04:54:07 CEST.
Flavor | Version | Tinstall | Tcheck | Ttotal | Status | Flags |
---|---|---|---|---|---|---|
r-devel-linux-x86_64-debian-clang | 1.8.1-1 | 105.39 | 44.74 | 150.13 | OK | |
r-devel-linux-x86_64-debian-gcc | 1.8.1-1 | 79.23 | 33.39 | 112.62 | OK | |
r-devel-linux-x86_64-fedora-clang | 1.8.1-1 | 232.08 | OK | |||
r-devel-linux-x86_64-fedora-gcc | 1.8.1-1 | 192.04 | OK | |||
r-devel-windows-x86_64 | 1.8.1-1 | 81.00 | 97.00 | 178.00 | OK | |
r-patched-linux-x86_64 | 1.8.1 | 82.53 | 45.78 | 128.31 | OK | |
r-release-linux-x86_64 | 1.8.1-1 | OK | ||||
r-release-macos-arm64 | 1.8.1 | 56.00 | NOTE | |||
r-release-macos-x86_64 | 1.8.1-1 | 70.00 | NOTE | |||
r-release-windows-x86_64 | 1.8.1-1 | 89.00 | 96.00 | 185.00 | OK | |
r-oldrel-macos-arm64 | 1.8.1 | 54.00 | NOTE | |||
r-oldrel-macos-x86_64 | 1.8.1-1 | 72.00 | NOTE | |||
r-oldrel-windows-ix86+x86_64 | 1.8.1-1 | 186.00 | 92.00 | 278.00 | OK |
Version: 1.8.1
Check: installed package size
Result: NOTE
installed size is 7.1Mb
sub-directories of 1Mb or more:
doc 1.3Mb
libs 5.5Mb
Flavors: r-release-macos-arm64, r-oldrel-macos-arm64
Version: 1.8.1-1
Check: installed package size
Result: NOTE
installed size is 7.6Mb
sub-directories of 1Mb or more:
doc 1.1Mb
libs 6.2Mb
Flavors: r-release-macos-x86_64, r-oldrel-macos-x86_64