CRAN Package Check Results for Package oysteR

Last updated on 2022-12-07 03:57:31 CET.

Flavor Version Tinstall Tcheck Ttotal Status Flags
r-devel-linux-x86_64-debian-clang 0.1.1 6.15 55.05 61.20 NOTE
r-devel-linux-x86_64-debian-gcc 0.1.1 4.38 41.41 45.79 NOTE
r-devel-linux-x86_64-fedora-clang 0.1.1 84.64 NOTE
r-devel-linux-x86_64-fedora-gcc 0.1.1 80.89 NOTE
r-devel-windows-x86_64 0.1.1 9.00 89.00 98.00 NOTE
r-patched-linux-x86_64 0.1.1 6.20 49.88 56.08 NOTE
r-release-linux-x86_64 0.1.1 4.08 51.65 55.73 NOTE
r-release-macos-arm64 0.1.1 21.00 NOTE
r-release-macos-x86_64 0.1.1 40.00 NOTE
r-release-windows-x86_64 0.1.1 27.00 79.00 106.00 NOTE
r-oldrel-macos-arm64 0.1.1 21.00 NOTE
r-oldrel-macos-x86_64 0.1.1 37.00 NOTE
r-oldrel-windows-ix86+x86_64 0.1.1 14.00 75.00 89.00 NOTE

Check Details

Version: 0.1.1
Check: LazyData
Result: NOTE
     'LazyData' is specified without a 'data' directory
Flavors: r-devel-linux-x86_64-debian-clang, r-devel-linux-x86_64-debian-gcc, r-devel-linux-x86_64-fedora-clang, r-devel-linux-x86_64-fedora-gcc, r-devel-windows-x86_64, r-patched-linux-x86_64, r-release-linux-x86_64, r-release-macos-arm64, r-release-macos-x86_64, r-release-windows-x86_64, r-oldrel-macos-arm64, r-oldrel-macos-x86_64, r-oldrel-windows-ix86+x86_64