CRAN Package Check Results for Package packer

Last updated on 2022-12-07 03:57:31 CET.

Flavor Version Tinstall Tcheck Ttotal Status Flags
r-devel-linux-x86_64-debian-clang 0.1.3 5.64 50.17 55.81 NOTE
r-devel-linux-x86_64-debian-gcc 0.1.3 4.73 37.37 42.10 NOTE
r-devel-linux-x86_64-fedora-clang 0.1.3 75.87 NOTE
r-devel-linux-x86_64-fedora-gcc 0.1.3 74.79 NOTE
r-devel-windows-x86_64 0.1.3 55.00 85.00 140.00 NOTE
r-patched-linux-x86_64 0.1.3 4.88 45.42 50.30 OK
r-release-linux-x86_64 0.1.3 4.86 44.20 49.06 OK
r-release-macos-arm64 0.1.3 24.00 OK
r-release-macos-x86_64 0.1.3 31.00 OK
r-release-windows-x86_64 0.1.3 55.00 96.00 151.00 OK
r-oldrel-macos-arm64 0.1.3 22.00 OK
r-oldrel-macos-x86_64 0.1.3 34.00 OK
r-oldrel-windows-ix86+x86_64 0.1.3 14.00 68.00 82.00 OK

Check Details

Version: 0.1.3
Check: package subdirectories
Result: NOTE
    Problems with news in 'NEWS.md':
     Cannot extract version info from the following section titles:
     Changes
Flavors: r-devel-linux-x86_64-debian-clang, r-devel-linux-x86_64-debian-gcc, r-devel-linux-x86_64-fedora-clang, r-devel-linux-x86_64-fedora-gcc, r-devel-windows-x86_64