CRAN Package Check Results for Package pacman

Last updated on 2022-09-27 04:50:37 CEST.

Flavor Version Tinstall Tcheck Ttotal Status Flags
r-devel-linux-x86_64-debian-clang 0.5.1 3.94 39.81 43.75 OK
r-devel-linux-x86_64-debian-gcc 0.5.1 3.15 29.94 33.09 OK
r-devel-linux-x86_64-fedora-clang 0.5.1 65.36 NOTE
r-devel-linux-x86_64-fedora-gcc 0.5.1 61.93 OK
r-devel-windows-x86_64 0.5.1 49.00 79.00 128.00 OK
r-patched-linux-x86_64 0.5.1 4.43 37.59 42.02 OK
r-release-linux-x86_64 0.5.1 3.59 38.10 41.69 OK
r-release-macos-arm64 0.5.1 20.00 OK
r-release-macos-x86_64 0.5.1 27.00 OK
r-release-windows-x86_64 0.5.1 68.00 75.00 143.00 OK
r-oldrel-macos-arm64 0.5.1 27.00 OK
r-oldrel-macos-x86_64 0.5.1 40.00 OK
r-oldrel-windows-ix86+x86_64 0.5.1 17.00 66.00 83.00 OK

Check Details

Version: 0.5.1
Check: Rd cross-references
Result: NOTE
    Undeclared package ‘devtools’ in Rd xrefs
Flavor: r-devel-linux-x86_64-fedora-clang