CRAN Package Check Results for Package paleofire

Last updated on 2022-10-05 04:50:59 CEST.

Flavor Version Tinstall Tcheck Ttotal Status Flags
r-devel-linux-x86_64-debian-clang 1.2.4 35.99 363.54 399.53 NOTE
r-devel-linux-x86_64-debian-gcc 1.2.4 29.36 261.46 290.82 NOTE
r-devel-linux-x86_64-fedora-clang 1.2.4 482.96 NOTE
r-devel-linux-x86_64-fedora-gcc 1.2.4 475.15 NOTE
r-devel-windows-x86_64 1.2.4 69.00 381.00 450.00 OK
r-patched-linux-x86_64 1.2.4 35.24 336.95 372.19 NOTE
r-release-linux-x86_64 1.2.4 37.99 334.38 372.37 NOTE
r-release-macos-arm64 1.2.4 103.00 OK
r-release-macos-x86_64 1.2.4 193.00 OK
r-release-windows-x86_64 1.2.4 70.00 378.00 448.00 OK
r-oldrel-macos-arm64 1.2.4 66.00 OK
r-oldrel-macos-x86_64 1.2.4 102.00 OK
r-oldrel-windows-ix86+x86_64 1.2.4 76.00 345.00 421.00 OK

Check Details

Version: 1.2.4
Check: package dependencies
Result: NOTE
    Package suggested but not available for checking: 'Imap'
Flavors: r-devel-linux-x86_64-debian-clang, r-devel-linux-x86_64-debian-gcc, r-devel-linux-x86_64-fedora-clang, r-devel-linux-x86_64-fedora-gcc, r-patched-linux-x86_64, r-release-linux-x86_64