CRAN Package Check Results for Package paleopop

Last updated on 2022-08-17 04:50:48 CEST.

Flavor Version Tinstall Tcheck Ttotal Status Flags
r-devel-linux-x86_64-debian-clang 2.1.2 14.42 547.76 562.18 NOTE
r-devel-linux-x86_64-debian-gcc 2.1.2 NOTE
r-devel-linux-x86_64-fedora-clang 2.1.2 679.16 NOTE
r-devel-linux-x86_64-fedora-gcc 2.1.2 713.04 NOTE
r-devel-windows-x86_64 2.1.2 30.00 465.00 495.00 OK
r-patched-linux-x86_64 2.1.2 16.91 542.94 559.85 OK
r-release-linux-x86_64 2.1.2 13.81 547.93 561.74 OK
r-release-macos-arm64 2.1.2 169.00 OK
r-release-macos-x86_64 2.1.2 337.00 OK
r-release-windows-x86_64 2.1.2 27.00 472.00 499.00 OK
r-oldrel-macos-arm64 2.1.2 169.00 OK
r-oldrel-macos-x86_64 2.1.2 247.00 OK
r-oldrel-windows-ix86+x86_64 2.1.2 30.00 503.00 533.00 OK

Check Details

Version: 2.1.2
Check: HTML version of manual
Result: NOTE
    Found the following HTML validation problems:
    PaleoPopModel.html:149:6: Warning: missing </span> before <p>
    PaleoPopModel.html:149:99: Warning: inserting implicit <span>
    PaleoPopModel.html:152:6: Warning: missing </span> before <p>
    PaleoPopModel.html:152:107: Warning: inserting implicit <span>
    PaleoPopModel.html:155:6: Warning: missing </span> before <p>
    PaleoPopModel.html:155:108: Warning: inserting implicit <span>
    PaleoPopModel.html:158:6: Warning: missing </span> before <p>
    PaleoPopModel.html:158:103: Warning: inserting implicit <span>
    PaleoPopModel.html:161:6: Warning: missing </span> before <p>
    PaleoPopModel.html:161:110: Warning: inserting implicit <span>
    PaleoPopModel.html:164:6: Warning: missing </span> before <p>
    PaleoPopModel.html:164:112: Warning: inserting implicit <span>
    PaleoPopModel.html:167:6: Warning: missing </span> before <p>
    PaleoPopModel.html:167:99: Warning: inserting implicit <span>
    PaleoPopModel.html:170:6: Warning: missing </span> before <p>
    PaleoPopModel.html:170:100: Warning: inserting implicit <span>
    PaleoPopModel.html:173:6: Warning: missing </span> before <p>
    PaleoPopModel.html:173:102: Warning: inserting implicit <span>
    PaleoPopModel.html:176:6: Warning: missing </span> before <p>
    PaleoPopModel.html:176:98: Warning: inserting implicit <span>
    PaleoPopModel.html:179:6: Warning: missing </span> before <p>
    PaleoPopModel.html:179:103: Warning: inserting implicit <span>
    PaleoPopModel.html:182:6: Warning: missing </span> before <p>
    PaleoPopModel.html:182:110: Warning: inserting implicit <span>
    PaleoPopModel.html:149:6: Warning: trimming empty <span>
    PaleoPopModel.html:152:6: Warning: trimming empty <span>
    PaleoPopModel.html:155:6: Warning: trimming empty <span>
    PaleoPopModel.html:158:6: Warning: trimming empty <span>
    PaleoPopModel.html:161:6: Warning: trimming empty <span>
    PaleoPopModel.html:164:6: Warning: trimming empty <span>
    PaleoPopModel.html:167:6: Warning: trimming empty <span>
    PaleoPopModel.html:170:6: Warning: trimming empty <span>
    PaleoPopModel.html:173:6: Warning: trimming empty <span>
    PaleoPopModel.html:176:6: Warning: trimming empty <span>
    PaleoPopModel.html:179:6: Warning: trimming empty <span>
    PaleoPopModel.html:182:6: Warning: trimming empty <span>
    PaleoPopResults.html:119:6: Warning: missing </span> before <p>
    PaleoPopResults.html:119:99: Warning: inserting implicit <span>
    PaleoPopResults.html:122:6: Warning: missing </span> before <p>
    PaleoPopResults.html:122:107: Warning: inserting implicit <span>
    PaleoPopResults.html:125:6: Warning: missing </span> before <p>
    PaleoPopResults.html:125:110: Warning: inserting implicit <span>
    PaleoPopResults.html:128:6: Warning: missing </span> before <p>
    PaleoPopResults.html:128:105: Warning: inserting implicit <span>
    PaleoPopResults.html:131:6: Warning: missing </span> before <p>
    PaleoPopResults.html:131:101: Warning: inserting implicit <span>
    PaleoPopResults.html:134:6: Warning: missing </span> before <p>
    PaleoPopResults.html:134:100: Warning: inserting implicit <span>
    PaleoPopResults.html:137:6: Warning: missing </span> before <p>
    PaleoPopResults.html:137:105: Warning: inserting implicit <span>
    PaleoPopResults.html:119:6: Warning: trimming empty <span>
    PaleoPopResults.html:122:6: Warning: trimming empty <span>
    PaleoPopResults.html:125:6: Warning: trimming empty <span>
    PaleoPopResults.html:128:6: Warning: trimming empty <span>
    PaleoPopResults.html:131:6: Warning: trimming empty <span>
    PaleoPopResults.html:134:6: Warning: trimming empty <span>
    PaleoPopResults.html:137:6: Warning: trimming empty <span>
    PaleoRegion.html:98:6: Warning: missing </span> before <p>
    PaleoRegion.html:98:95: Warning: inserting implicit <span>
    PaleoRegion.html:101:6: Warning: missing </span> before <p>
    PaleoRegion.html:101:100: Warning: inserting implicit <span>
    PaleoRegion.html:98:6: Warning: trimming empty <span>
    PaleoRegion.html:101:6: Warning: trimming empty <span>
Flavors: r-devel-linux-x86_64-debian-clang, r-devel-linux-x86_64-debian-gcc, r-devel-linux-x86_64-fedora-clang, r-devel-linux-x86_64-fedora-gcc

Version: 2.1.2
Check: Rd cross-references
Result: NOTE
    Undeclared package ‘trend’ in Rd xrefs
Flavor: r-devel-linux-x86_64-fedora-clang