Last updated on 2022-07-04 04:54:30 CEST.
Flavor | Version | Tinstall | Tcheck | Ttotal | Status | Flags |
---|---|---|---|---|---|---|
r-devel-linux-x86_64-debian-clang | 0.5.3 | 16.70 | 127.93 | 144.63 | OK | |
r-devel-linux-x86_64-debian-gcc | 0.5.3 | 14.01 | 94.06 | 108.07 | OK | |
r-devel-linux-x86_64-fedora-clang | 0.5.3 | 178.89 | NOTE | |||
r-devel-linux-x86_64-fedora-gcc | 0.5.3 | 175.31 | NOTE | |||
r-devel-windows-x86_64 | 0.5.3 | 46.00 | 144.00 | 190.00 | OK | |
r-patched-linux-x86_64 | 0.5.3 | 16.54 | 119.37 | 135.91 | OK | |
r-release-linux-x86_64 | 0.5.3 | 14.01 | 120.50 | 134.51 | OK | |
r-release-macos-arm64 | 0.5.3 | 50.00 | NOTE | |||
r-release-macos-x86_64 | 0.5.3 | 90.00 | NOTE | |||
r-release-windows-x86_64 | 0.5.3 | 48.00 | 145.00 | 193.00 | OK | |
r-oldrel-macos-arm64 | 0.5.3 | 54.00 | NOTE | |||
r-oldrel-macos-x86_64 | 0.5.3 | 81.00 | NOTE | |||
r-oldrel-windows-ix86+x86_64 | 0.5.3 | 35.00 | 145.00 | 180.00 | OK |
Version: 0.5.3
Check: dependencies in R code
Result: NOTE
Namespace in Imports field not imported from: ‘methods’
All declared Imports should be used.
Flavors: r-devel-linux-x86_64-fedora-clang, r-devel-linux-x86_64-fedora-gcc, r-release-macos-arm64, r-release-macos-x86_64, r-oldrel-macos-arm64, r-oldrel-macos-x86_64