CRAN Package Check Results for Package parallelMap

Last updated on 2022-12-03 03:57:16 CET.

Flavor Version Tinstall Tcheck Ttotal Status Flags
r-devel-linux-x86_64-debian-clang 1.5.1 4.19 64.65 68.84 OK
r-devel-linux-x86_64-debian-gcc 1.5.1 3.05 50.41 53.46 OK
r-devel-linux-x86_64-fedora-clang 1.5.1 96.64 OK
r-devel-linux-x86_64-fedora-gcc 1.5.1 92.36 OK
r-devel-windows-x86_64 1.5.1 48.00 108.00 156.00 OK
r-patched-linux-x86_64 1.5.1 3.78 59.48 63.26 OK
r-release-linux-x86_64 1.5.1 2.65 60.74 63.39 OK
r-release-macos-arm64 1.5.1 33.00 NOTE
r-release-macos-x86_64 1.5.1 42.00 NOTE
r-release-windows-x86_64 1.5.1 34.00 114.00 148.00 OK
r-oldrel-macos-arm64 1.5.1 43.00 NOTE
r-oldrel-macos-x86_64 1.5.1 41.00 NOTE
r-oldrel-windows-ix86+x86_64 1.5.1 8.00 156.00 164.00 OK

Check Details

Version: 1.5.1
Check: package dependencies
Result: NOTE
    Package suggested but not available for checking: ‘Rmpi’
Flavors: r-release-macos-arm64, r-release-macos-x86_64, r-oldrel-macos-arm64, r-oldrel-macos-x86_64