CRAN Package Check Results for Package pastecs

Last updated on 2022-09-29 04:58:21 CEST.

Flavor Version Tinstall Tcheck Ttotal Status Flags
r-devel-linux-x86_64-debian-clang 1.3.21 11.67 57.45 69.12 NOTE
r-devel-linux-x86_64-debian-gcc 1.3.21 7.46 43.37 50.83 NOTE
r-devel-linux-x86_64-fedora-clang 1.3.21 95.10 NOTE
r-devel-linux-x86_64-fedora-gcc 1.3.21 88.80 NOTE
r-devel-windows-x86_64 1.3.21 38.00 89.00 127.00 NOTE
r-patched-linux-x86_64 1.3.21 12.12 54.63 66.75 OK
r-release-linux-x86_64 1.3.21 10.18 54.41 64.59 OK
r-release-macos-arm64 1.3.21 24.00 OK
r-release-macos-x86_64 1.3.21 36.00 OK
r-release-windows-x86_64 1.3.21 49.00 88.00 137.00 OK
r-oldrel-macos-arm64 1.3.21 29.00 OK
r-oldrel-macos-x86_64 1.3.21 52.00 OK
r-oldrel-windows-ix86+x86_64 1.3.21 21.00 75.00 96.00 OK

Check Details

Version: 1.3.21
Check: Rd files
Result: NOTE
    checkRd: (-1) regul.Rd:52: Escaped LaTeX specials: \# \# \#
    checkRd: (-1) regul.Rd:52: Escaped LaTeX specials: \#
Flavors: r-devel-linux-x86_64-debian-clang, r-devel-linux-x86_64-debian-gcc, r-devel-linux-x86_64-fedora-clang, r-devel-linux-x86_64-fedora-gcc, r-devel-windows-x86_64