CRAN Package Check Results for Package pcds

Last updated on 2022-12-06 04:02:59 CET.

Flavor Version Tinstall Tcheck Ttotal Status Flags
r-devel-linux-x86_64-debian-clang 0.1.4 35.07 318.24 353.31 NOTE
r-devel-linux-x86_64-debian-gcc 0.1.4 30.25 223.72 253.97 NOTE
r-devel-linux-x86_64-fedora-clang 0.1.4 439.55 NOTE
r-devel-linux-x86_64-fedora-gcc 0.1.4 431.90 NOTE
r-devel-windows-x86_64 0.1.4 96.00 371.00 467.00 NOTE
r-patched-linux-x86_64 0.1.4 58.93 299.92 358.85 OK
r-release-linux-x86_64 0.1.4 47.66 302.25 349.91 OK
r-release-macos-arm64 0.1.4 182.00 OK
r-release-macos-x86_64 0.1.4 241.00 OK
r-release-windows-x86_64 0.1.4 152.00 299.00 451.00 OK
r-oldrel-macos-arm64 0.1.4 179.00 OK
r-oldrel-macos-x86_64 0.1.4 248.00 OK
r-oldrel-windows-ix86+x86_64 0.1.4 56.00 298.00 354.00 OK

Check Details

Version: 0.1.4
Check: Rd files
Result: NOTE
    checkRd: (-1) Dist.Rd:50: Escaped LaTeX specials: \&
Flavors: r-devel-linux-x86_64-debian-clang, r-devel-linux-x86_64-debian-gcc, r-devel-linux-x86_64-fedora-clang, r-devel-linux-x86_64-fedora-gcc, r-devel-windows-x86_64