CRAN Package Check Results for Package pegas

Last updated on 2022-12-07 03:57:31 CET.

Flavor Version Tinstall Tcheck Ttotal Status Flags
r-devel-linux-x86_64-debian-clang 1.1 13.50 110.80 124.30 OK
r-devel-linux-x86_64-debian-gcc 1.1 10.39 83.20 93.59 OK
r-devel-linux-x86_64-fedora-clang 1.1 162.52 OK
r-devel-linux-x86_64-fedora-gcc 1.1 168.97 OK
r-devel-windows-x86_64 1.1 46.00 185.00 231.00 OK
r-patched-linux-x86_64 1.1 11.75 102.47 114.22 OK
r-release-linux-x86_64 1.1 13.37 101.57 114.94 OK
r-release-macos-arm64 1.1 48.00 NOTE
r-release-macos-x86_64 1.1 67.00 OK
r-release-windows-x86_64 1.1 40.00 188.00 228.00 OK
r-oldrel-macos-arm64 1.1 48.00 OK
r-oldrel-macos-x86_64 1.1 70.00 OK
r-oldrel-windows-ix86+x86_64 1.1 25.00 172.00 197.00 OK

Check Details

Version: 1.1
Check: package dependencies
Result: NOTE
    Package suggested but not available for checking: ‘snpStats’
Flavor: r-release-macos-arm64