CRAN Package Check Results for Package penaltyLearning

Last updated on 2022-09-28 04:51:07 CEST.

Flavor Version Tinstall Tcheck Ttotal Status Flags
r-devel-linux-x86_64-debian-clang 2020.5.13 9.35 118.45 127.80 OK
r-devel-linux-x86_64-debian-gcc 2020.5.13 7.55 81.87 89.42 OK
r-devel-linux-x86_64-fedora-clang 2020.5.13 160.14 OK
r-devel-linux-x86_64-fedora-gcc 2020.5.13 153.33 OK
r-devel-windows-x86_64 2020.5.13 47.00 138.00 185.00 OK
r-patched-linux-x86_64 2020.5.13 8.46 104.35 112.81 OK
r-release-linux-x86_64 2020.5.13 7.56 102.44 110.00 OK
r-release-macos-arm64 2020.5.13 42.00 NOTE
r-release-macos-x86_64 2020.5.13 85.00 OK
r-release-windows-x86_64 2020.5.13 17.00 140.00 157.00 OK
r-oldrel-macos-arm64 2020.5.13 55.00 OK
r-oldrel-macos-x86_64 2020.5.13 73.00 OK
r-oldrel-windows-ix86+x86_64 2020.5.13 25.00 199.00 224.00 OK

Check Details

Version: 2020.5.13
Check: package dependencies
Result: NOTE
    Package suggested but not available for checking: ‘jointseg’
Flavor: r-release-macos-arm64