CRAN Package Check Results for Package pencopulaCond

Last updated on 2022-12-01 04:00:39 CET.

Flavor Version Tinstall Tcheck Ttotal Status Flags
r-devel-linux-x86_64-debian-clang 0.2 16.73 143.22 159.95 NOTE
r-devel-linux-x86_64-debian-gcc 0.2 13.18 105.95 119.13 NOTE
r-devel-linux-x86_64-fedora-clang 0.2 210.82 NOTE
r-devel-linux-x86_64-fedora-gcc 0.2 206.29 NOTE
r-devel-windows-x86_64 0.2 43.00 156.00 199.00 NOTE
r-patched-linux-x86_64 0.2 17.86 136.89 154.75 OK
r-release-linux-x86_64 0.2 16.68 137.07 153.75 OK
r-release-macos-arm64 0.2 47.00 OK
r-release-macos-x86_64 0.2 90.00 OK
r-release-windows-x86_64 0.2 37.00 168.00 205.00 OK
r-oldrel-macos-arm64 0.2 65.00 OK
r-oldrel-macos-x86_64 0.2 101.00 OK
r-oldrel-windows-ix86+x86_64 0.2 39.00 151.00 190.00 OK

Check Details

Version: 0.2
Check: Rd files
Result: NOTE
    checkRd: (-1) my.bspline.Rd:38: Escaped LaTeX specials: \$ \$ \$
Flavors: r-devel-linux-x86_64-debian-clang, r-devel-linux-x86_64-debian-gcc, r-devel-linux-x86_64-fedora-clang, r-devel-linux-x86_64-fedora-gcc, r-devel-windows-x86_64