CRAN Package Check Results for Package pergola

Last updated on 2022-08-16 04:53:45 CEST.

Flavor Version Tinstall Tcheck Ttotal Status Flags
r-devel-linux-x86_64-debian-clang 1.0 3.31 69.75 73.06 NOTE
r-devel-linux-x86_64-debian-gcc 1.0 2.51 51.24 53.75 NOTE
r-devel-linux-x86_64-fedora-clang 1.0 98.36 NOTE
r-devel-linux-x86_64-fedora-gcc 1.0 95.91 NOTE
r-devel-windows-x86_64 1.0 16.00 103.00 119.00 NOTE
r-patched-linux-x86_64 1.0 3.49 66.29 69.78 NOTE
r-release-linux-x86_64 1.0 2.91 65.36 68.27 NOTE
r-release-macos-arm64 1.0 33.00 NOTE
r-release-macos-x86_64 1.0 46.00 NOTE
r-release-windows-x86_64 1.0 18.00 103.00 121.00 NOTE
r-oldrel-macos-arm64 1.0 38.00 NOTE
r-oldrel-macos-x86_64 1.0 48.00 NOTE
r-oldrel-windows-ix86+x86_64 1.0 7.00 93.00 100.00 NOTE

Check Details

Version: 1.0
Check: package dependencies
Result: NOTE
    Package suggested but not available for checking: 'dendextendRcpp'
Flavors: r-devel-linux-x86_64-debian-clang, r-devel-linux-x86_64-debian-gcc, r-devel-linux-x86_64-fedora-clang, r-devel-linux-x86_64-fedora-gcc, r-devel-windows-x86_64, r-patched-linux-x86_64, r-release-linux-x86_64, r-release-macos-arm64, r-release-macos-x86_64, r-release-windows-x86_64, r-oldrel-macos-arm64, r-oldrel-macos-x86_64, r-oldrel-windows-ix86+x86_64