CRAN Package Check Results for Package permute

Last updated on 2022-09-29 04:58:22 CEST.

Flavor Version Tinstall Tcheck Ttotal Status Flags
r-devel-linux-x86_64-debian-clang 0.9-7 3.69 57.65 61.34 NOTE
r-devel-linux-x86_64-debian-gcc 0.9-7 2.65 43.55 46.20 NOTE
r-devel-linux-x86_64-fedora-clang 0.9-7 87.02 NOTE
r-devel-linux-x86_64-fedora-gcc 0.9-7 82.79 NOTE
r-devel-windows-x86_64 0.9-7 29.00 100.00 129.00 NOTE
r-patched-linux-x86_64 0.9-7 4.15 54.89 59.04 OK
r-release-linux-x86_64 0.9-7 3.91 55.42 59.33 OK
r-release-macos-arm64 0.9-7 26.00 OK
r-release-macos-x86_64 0.9-7 40.00 OK
r-release-windows-x86_64 0.9-7 29.00 97.00 126.00 OK
r-oldrel-macos-arm64 0.9-7 36.00 OK
r-oldrel-macos-x86_64 0.9-7 75.00 OK
r-oldrel-windows-ix86+x86_64 0.9-7 8.00 86.00 94.00 OK

Check Details

Version: 0.9-7
Check: Rd files
Result: NOTE
    checkRd: (-1) jackal.Rd:32: Escaped LaTeX specials: \&
Flavors: r-devel-linux-x86_64-debian-clang, r-devel-linux-x86_64-debian-gcc, r-devel-linux-x86_64-fedora-clang, r-devel-linux-x86_64-fedora-gcc, r-devel-windows-x86_64